
{"id":97,"date":"2012-10-10T14:57:45","date_gmt":"2012-10-10T14:57:45","guid":{"rendered":"http:\/\/www.qcmywebsite.com\/fluid\/?page_id=97"},"modified":"2023-05-04T10:21:01","modified_gmt":"2023-05-04T14:21:01","slug":"contact-information","status":"publish","type":"page","link":"https:\/\/www.fdotd7studies.com\/projects\/i4-50th-to-polk-parkway\/contact-information\/","title":{"rendered":"Contact Information"},"content":{"rendered":"<div>For more information or to comment, please contact:<\/div>\n<div>\n<p><strong>Environmental Management Office<\/strong><br \/>\nFlorida Department of Transportation, District Seven<br \/>\n11201 N. McKinley Drive<br \/>\nM.S. 7-500<br \/>\nTampa, FL 33612-6456<\/p>\n<\/div>\n<div>\n<p><strong>Phone:<\/strong> (813) 975-6000<br \/>\n<strong>Toll Free:<\/strong> (800) 226-7220<\/p>\n<\/div>\n<div><strong>Para preguntas en Espa\u00f1ol<\/strong><br \/>\nSi usted tiene preguntas o comentarios o si simplemente desea m\u00e1s informaci\u00f3n sobre este proyecto, favor de ponerse en contacto con el se\u00f1or Manuel Flores al tel\u00e9fono (813) 975-4248, o al correo electr\u00f3nico <a href=\"mailto:manuel.flores@dot.state.fl.us\">manuel.flores@dot.state.fl.us.<\/a><\/div>\n<p><!--For more information, please contact:\n\n\n\n<hr style=\"border:0 none;background-color:transparent;margin:.5em 0\" \/>\n\n<strong>Kirk Bogen, P.E.<\/strong>\nEnvironmental Management Engineer\n<strong>Florida Department of Transportation, District Seven<\/strong>\nPlanning &amp; Environmental Management Office (PLEMO)\n11201 N. McKinley Drive\nMS 7-500\nTampa, FL 33612-6456\n(813) 975-6448\n(800) 226-7220 x6448\n<a title=\"kirk.bogen@dot.state.fl.us\" href=\"mailto:kirk.bogen@dot.state.fl.us\">kirk.bogen@dot.state.fl.us<\/a>\n\n\n\n<hr \/>\n\n\n\nFor media inquiries, please contact:\n\n<strong>Kris Carson<\/strong>\nPublic Information Office\n<strong>Florida Department of Transportation, District Seven<\/strong>\n11201 N. McKinley Drive\nMS 7-100\nTampa, FL 33612-6456\n(813) 975-6060\n(800) 226-7220\n<a title=\"kristen.carson@dot.state.fl.us\" href=\"mailto:kristen.carson@dot.state.fl.us\">kristen.carson@dot.state.fl.us<\/a>\n\n\n\n<hr \/>\n\n\n\n<strong>Comuniquese Con Nosotros<\/strong>\n\nNos importa mucho la opini\u00f3n del p\u00fablico sobre el proyecto. Si usted tiene preguntas o comentarios, o si simplemente desea m\u00e1s informaci\u00f3n, por favor comun\u00edquese con nosotros. Nuestro representante:\n\n<strong>Se\u00f1ora Elba Lopez<\/strong>\n<strong>Departamento de Transportaci\u00f3n de Florida<\/strong>\n11201 N. McKinley Drive\nTampa, FL 33612\n(813) 975-6403\n<a title=\"elba.lopez@dot.state.fl.us\" href=\"mailto:elba.lopez@dot.state.fl.us\">elba.lopez@dot.state.fl.us<\/a>--><\/p>\n","protected":false},"excerpt":{"rendered":"<p>For more information or to comment, please contact: Environmental Management Office Florida Department of Transportation, District Seven 11201 N. McKinley Drive M.S. 7-500 Tampa, FL 33612-6456 Phone: (813) 975-6000 Toll Free: (800) 226-7220 Para preguntas en Espa\u00f1ol Si usted tiene<span class=\"ellipsis\">&hellip;<\/span><\/p>\n<div class=\"read-more\"><a href=\"https:\/\/www.fdotd7studies.com\/projects\/i4-50th-to-polk-parkway\/contact-information\/\">Read more &#8250;<\/a><\/div>\n<p><!-- end of .read-more --><\/p>\n","protected":false},"author":1,"featured_media":0,"parent":0,"menu_order":0,"comment_status":"closed","ping_status":"closed","template":"","meta":{"_acf_changed":false,"footnotes":""},"acf":[],"_links":{"self":[{"href":"https:\/\/www.fdotd7studies.com\/projects\/i4-50th-to-polk-parkway\/wp-json\/wp\/v2\/pages\/97"}],"collection":[{"href":"https:\/\/www.fdotd7studies.com\/projects\/i4-50th-to-polk-parkway\/wp-json\/wp\/v2\/pages"}],"about":[{"href":"https:\/\/www.fdotd7studies.com\/projects\/i4-50th-to-polk-parkway\/wp-json\/wp\/v2\/types\/page"}],"author":[{"embeddable":true,"href":"https:\/\/www.fdotd7studies.com\/projects\/i4-50th-to-polk-parkway\/wp-json\/wp\/v2\/users\/1"}],"replies":[{"embeddable":true,"href":"https:\/\/www.fdotd7studies.com\/projects\/i4-50th-to-polk-parkway\/wp-json\/wp\/v2\/comments?post=97"}],"version-history":[{"count":2,"href":"https:\/\/www.fdotd7studies.com\/projects\/i4-50th-to-polk-parkway\/wp-json\/wp\/v2\/pages\/97\/revisions"}],"predecessor-version":[{"id":939,"href":"https:\/\/www.fdotd7studies.com\/projects\/i4-50th-to-polk-parkway\/wp-json\/wp\/v2\/pages\/97\/revisions\/939"}],"wp:attachment":[{"href":"https:\/\/www.fdotd7studies.com\/projects\/i4-50th-to-polk-parkway\/wp-json\/wp\/v2\/media?parent=97"}],"curies":[{"name":"wp","href":"https:\/\/api.w.org\/{rel}","templated":true}]}}